*b**2 + 10*b**2 + 5*b**2 - 5*b. Let p = -40 + 46. What is r(p)?
9
Let o(y) = y. Let m(t) = -t**3 + 5*t**2 + 2*t + 2. Let f be m(5). Determine o(f).
12
Let o be (3 + -6 - 1)*11/(-4). Let g = 5 - o. Let n(d) = d + 4. Let a(q) = 1. Let f(p) = -2*a(p) - n(p). Give f(g).
0
Let f(z) be the first derivative of z**4 + 2*z**3/3 - z - 15. Calculate f(-1).
-3
Let h be 13/2 - 3/6. Suppose 5*i + 2*r - 6 = 0, 4*i - 3*r = -h + 20. Let y(s) = -4*s**2 + 9*s**i + 6*s + 3 - 4*s**2. What is y(-5)?
-2
Let c(j) = j**3 + 16*j**2 - 3*j - 2. Let z be c(-16). Let x = 50 - z. Let k(y) = -2*y + 4. Determine k(x).
-4
Let q(c) = c**2 + 27*c + 28. Let f be q(-26). Suppose 2*g + 2 = f*t - 2, -g - 32 = 5*t. Let j(x) = x**2 + 8*x + 8. Calculate j(g).
1
Let t(m) = -m**2 - 5*m - 7. Let r be 6/39 - 111/(-39). Suppose 3*p - 11 = -4*h, 0 = r*p - p + 5*h - 5. Suppose -5 = 6*y - p*y. Give t(y).
-7
Suppose -5*c = 3*k - 11, 14 = 3*k - 5*k + 2*c. Let f be k + 0 + (-9)/3. Let t(u) = -u**2 + 5. What is t(f)?
-31
Suppose 11*o + 15*o - 130 = 0. Let u(f) = f**2 - 5*f - 10. What is u(o)?
-10
Let f(g) be the third derivative of 13*g**4/24 + g**3/2 + g**2 - 301*g. Determine f(2).
29
Let u(t) = t**2 + t + 5. Let v be u(0). Suppose -25 + 10 = -v*b. Let p(q) = 2*q**2 - 2. Calculate p(b).
16
Let s(y) = 2*y. Let k(i) = 4*i. Let u(m) = -4*k(m) + 7*s(m). Let w = 24 - 20. Suppose -2*h + 6 = -2*n, -w*n + 11 = h - 2. Determine u(n).
-4
Let g be (-7)/(14 - (9 + 12)). Let w(y) = -4*y**3 - 2 + y + 1 + y**2 + 3*y**3. Give w(g).
0
Suppose 0 = 3*c - 4*k - 9, c + 0*k - 3 = -3*k. Suppose 0 = -c*n + 4 + 2. Suppose 2 + n = q. Let y(m) = 2*m**2 - 5*m - 3. Determine y(q).
9
Let y(u) = u - 2. Suppose 0 = -4*r - 12*r - 48. Calculate y(r).
-5
Let x = -2 + 6. Suppose 3*t - 2*n + 4 = 0, x*n = -9*t + 4*t + 30. Let m(y) = -6*y - 1 - 5*y - y**t + 11*y. Determine m(2).
-5
Let a(k) = k**2 + 8*k - 11. Suppose -228*m + 11 = -229*m. What is a(m)?
22
Let j = -7 - -9. Suppose j*z + 24 = -2*n, -3*z - 43 = n + 3*n. Let a(w) = -w**3 + 3*w - 2*w - 8*w**2 - 2 - 9*w. Determine a(n).
5
Let i(b) = 5*b + 27. Let a be i(-7). Let o be (a/(-14))/((-4)/14). Let p(f) = 2*f + 2. What is p(o)?
-2
Let r(w) = -6*w**3 + w**2 - 4*w + 3. Suppose -28*s + 2 = -32*s - 5*k, -2*k - 8 = -2*s. What is r(s)?
-49
Suppose -2 - 4 = -2*a. Suppose a*v = -5*v. Let b(l) = -l**2 - 9. What is b(v)?
-9
Let n(k) = -4*k - 14. Let l(c) = 7*c + 27. Let r(j) = -3*l(j) - 5*n(j). Let q(s) = -10. Let i(w) = -4*q(w) + 3*r(w). Determine i(5).
-8
Let a(o) = -4*o**2 - o - 1. Let m(g) = -13*g**2 + 6*g - 7. Let l(z) = 6*a(z) - 2*m(z). What is l(8)?
-8
Let f = 950 - 945. Let y(d) = d**3 - 4*d**2 - 4*d - 3. Calculate y(f).
2
Let c(g) = -g - 2. Let f(i) = -8*i - 9. Let b(z) = 3*c(z) - f(z). Determine b(-6).
-27
Let d(y) = y**3 - 2 + 7*y - 2 - 7*y**2 + 1. Let q = -82 + 93. Let k = 17 - q. Give d(k).
3
Let l(c) = 11 + c**3 + 0*c**3 - 3 + 4*c**2 - 3. Let z(b) = 11*b + 260. Let a be z(-24). Calculate l(a).
5
Suppose 0 = -10*x + 8*x. Suppose 42 = 2*z + 5*r - 0*r, 4*z - r - 40 = x. Let q(m) = m**2 - 12*m + 9. Determine q(z).
-2
Let i(w) = 2*w + 6. Suppose 4*l + 26 = 82. Suppose 3*q - l = q. Suppose q*g + 38 = 10. What is i(g)?
-2
Let n = -31 - -36. Let c(z) = z**3 - 6*z**2 + 4*z + 6. Determine c(n).
1
Suppose t = 3*i + 8, 4 = -i - i + 2*t. Let k = i + 4. Let h(z) = 6*z**2 - 2*z - 1. Let a(p) = p. Let c(m) = -3*a(m) - h(m). Calculate c(k).
-6
Let x(k) = -k - 1. Suppose 5*f + 5 = 5*q, 3 = q + f + 8. Give x(q).
1
Let r(k) be the first derivative of -k**4/4 + 2*k**3 + 7*k**2/2 - 2*k + 17. Give r(7).
-2
Let p(a) = a + 15. Let k be p(-12). Suppose -15 = -k*w + 3. Let j(z) = 2 + 4 - w - 2*z. Give j(-3).
6
Let r(u) be the first derivative of 11*u**6/120 + u**5/60 + 5*u**2 - 8. Let w(b) be the second derivative of r(b). What is w(1)?
12
Let a be 4/2*12/8. Let c(r) = -8*r - 9*r**a - 8*r**2 + 0 + 1 + 8*r**3. Determine c(-7).
8
Suppose 5 = -6*y + 59. Suppose -y*g = -8*g + 2. Let k(t) = t**3 - 2*t**2 - 4*t - 3. Give k(g).
-11
Let t = 1987 - 1988. Let w(q) = -22*q**3 + 2*q**2 - 2*q - 1. Let c(z) = -21*z**3 + z**2 - 2*z - 1. Let m(i) = 4*c(i) - 3*w(i). Determine m(t).
17
Let z(i) be the third derivative of -13*i**6/60 + i**3/6 + 33*i**2. Determine z(1).
-25
Suppose -3*m = 6 - 18. Suppose -4*g + x = 4 + 8, 0 = -m*x. Let p(l) be the third derivative of l**4/24 - l**3/2 + 12*l**2. Calculate p(g).
-6
Let c = 0 - 0. Let r(u) be the third derivative of 0 - 7*u**2 + 1/60*u**5 - 1/24*u**4 - 1/6*u**3 + 0*u. Calculate r(c).
-1
Let l(k) be the third derivative of 0*k - 1/3*k**3 - 1/60*k**5 + 0 + 0*k**4 + 19*k**2. What is l(-2)?
-6
Let n(d) = -9*d - 8. Let c(y) = y + 2. Let u(b) = -2*c(b) - n(b). Calculate u(-3).
-17
Let n(h) = 10*h**2 - 27*h + 8. Let t(y) = -2*y**2 + 7*y - 2. Let b(k) = 2*n(k) + 9*t(k). Determine b(-5).
3
Suppose 1 - 5 = -4*s. Let t(p) = 212224*p + 212215*p - 1 - 424432*p. Give t(s).
6
Let r(l) be the third derivative of -l**6/60 - l**5/15 - l**4/6 - l**3/6 - 5*l**2. Suppose 4*g - 4*a = -23 - 5, -23 = g - 5*a. Give r(g).
29
Let k(b) = -b**2 + 12*b - 17. Let w be k(10). Suppose -w*a + 20 = a. Suppose a*f - 48 = -f. Let h(s) = s - 2. Calculate h(f).
6
Let i(y) = y**2 + 1. Let j(c) = 4*c**2 - c + 3. Let q(z) = 5*z + 3*z - 5*z - 4*z + 1. Let l(k) = j(k) + 6*q(k). Let g(a) = 3*i(a) - l(a). Determine g(6).
0
Suppose -5*u + 20 = -i, 3*u + 2*u - 5*i = 40. Let c = -2 - u. Let f(z) be the second derivative of 2*z**3/3 + 7*z**2/2 + 2*z. Determine f(c).
-13
Let h be (-4)/10 - ((-36)/(-10) + -1). Let d(u) = u**2 + 4*u + 5. Give d(h).
2
Suppose -5*q + 16 = -4*n, 5 = 3*n + 2*n. Let t be (-4 - -4)*3/(-6). Let a(m) = -m**2 + 2*m - 3 + 6*m + t - 5*m. What is a(q)?
-7
Let a(v) = v**2 - 6*v - 1. Suppose 0 = 3*u - 8*u, -3*u + 70 = 2*j. Let r = j + -29. Give a(r).
-1
Let b(q) = 9*q. Suppose 0*z + 3*z = -12, -8 = -y + 2*z. Suppose -11 - 1 = 4*f, 2*s - 2*f - 4 = y. Give b(s).
-9
Suppose 2*q = 2*a - 18, 2*q - 16 = -5*a - 6. Let o be (-7)/(-3) + a/6. Let k(f) = 0*f + 3*f + 0 - 4*f**2 + 7 + f**o - 11. Determine k(4).
8
Let o(z) = 11*z**3 - 2*z - 1. Suppose 4*u + 5*t = 25, u - 5 - 10 = -3*t. Suppose -4*x - x - 5 = u. What is o(x)?
-10
Let a(l) = -l**3 - 6*l**2 - 7*l - 2. Let r be a(-5). Let k(c) be the second derivative of c**4/12 - c**3 - 11*c**2/2 - 16*c. Calculate k(r).
5
Let y = 15 - 12. Let n = -13 + 17. Let r(k) = n - 2 - 1 + k. Determine r(y).
4
Let p(n) = -n**2 - 7*n - 2. Let f(l) = 23*l - 9. Let q be f(3). Let h = 53 - q. Calculate p(h).
-2
Let z(x) = -x**3 - x**2 + 3*x - 1. Let f(p) be the first derivative of p**2/2 - 5*p + 3. Let b be f(3). Let h = -5 - b. Determine z(h).
8
Suppose -8*o - w + 13 = -13*o, 5*o + 2*w + 4 = 0. Let m(t) = 3*t**2 + 7*t - 1. Give m(o).
-3
Let b be ((-1 - -2) + -23)/2. Let m = b + 14. Let l(u) = -u**2 + 2*u + 2. Let k be l(m). Let n(i) = i**2 + 2*i + 1. Determine n(k).
0
Let r(j) = -5*j**2 + 5*j - 10 + 12 + 1 + 6*j**2. Calculate r(-4).
-1
Let n(v) = -v**2 + 4. Let j = 494 + -490. What is n(j)?
-12
Let d = -164 + 167. Let a(x) = -5*x + 6. What is a(d)?
-9
Let a(n) = -36*n + 9. Let t be (-36)/8 - (-3)/6. Let m(r) = 7*r - 2. Let j(h) = t*a(h) - 21*m(h). Let y = -26 + 31. What is j(y)?
-9
Let m(c) = 2*c + 1. Let z = 146 + -144. What is m(z)?
5
Let f(d) be the first derivative of d**3/3 - 6*d**2 + 11*d - 70. Calculate f(12).
11
Let m(t) = -t**3 + 2*t + 15. Let i(f) = 4*f**3 - 2*f**2 - 7*f - 63. Let y(c) = 2*i(c) + 9*m(c). Give y(-2).
-7
Let m(w) be the first derivative of -2*w**2 + 3*w - 7. Calculate m(7).
-25
Let f(u) = u**2 + 3*u + 1. Let g = 14 - 25. Let k = 76 + -67. Let q = g + k. What is f(q)?
-1
Let a(o) = -o**3 + 5*o**2 + 2*o - 4. Let k(j) = -j**2 + 5*j + 9. Let d be k(-2). Let z be ((-8)/d)/(2/5). What is a(z)?
20
Let q(w) = -w**3 - 19*w**2 + w + 15. Let r be q(-19). Let i(k) = -k**3 + 3*k + 5*k**2 - 4 + k**3 + k**3. Calculate i(r).
0
Let n(h) = 5*h**2 + 85 - h - 85. Suppose 4*c + 2*y = 4, 2*y + 12 = 5*y. What is n(c)?
6
Let p(a) = a + 1. Let o(r) = 2*r**3 - 18*r**2 - 12*r - 2. Let t be o(9). Let c = 106 + t. Give p(c).
-3
Suppose -35 = -5*w + 5*s, -w - 4*s - 20 = -3*w. Let b be w/(-32) + (-47)/8. Let y(x) = -x**3 - 7*x**2 - 5*x + 8. Give y(b).
2
Let r(d) = 11*d**3 + 3*d**2 - 2. Let q = 408 + -407. What is r(q)?
12
Let s = -20 + 10. Let y = -9 - s. Suppose 6 = r + y. Let x(o) = o**3